et q(o) be the third derivative of -o**5/6 - o**4/24 + o**2. What is q(l)?
-11
Let h(l) = 6*l + 11*l - 14*l - 4. What is h(-4)?
-16
Let c(l) = -l**3 + 10*l**2 + 5. Let z be c(10). Let a(m) = -m**3 + 6*m**2 - 2*m - 7. What is a(z)?
8
Let r = 34 - 24. Suppose r = -3*k + 1. Let j(v) = -2*v**2 - 3*v + 3. Determine j(k).
-6
Let k be (8/10)/((-2)/(-5)). Suppose -4*x + 12 = k*l, x + 0*l = -4*l + 10. Let t(a) = -4*a + 2. Calculate t(x).
-6
Let f(z) = 11*z**3 - 3*z**2 + 12*z - 9. Let d(y) = -5*y**3 + y**2 - 6*y + 4. Let w(c) = -13*d(c) - 6*f(c). Determine w(6).
2
Suppose 5*s - 4*s + 3 = 0. Let b = 5 + s. Let k be (32/12)/(b/3). Let v(h) = -h**3 + 4*h**2 - h + 3. What is v(k)?
-1
Let d(c) = -52 + 2*c + 50 + 0*c + 4*c. Give d(-4).
-26
Let x be (-3)/((-6)/10) - (17 - 14). Let g(c) be the second derivative of -1/20*c**5 + 0 + 1/4*c**4 + 5/6*c**3 - x*c + 3/2*c**2. What is g(4)?
7
Let m(a) = -6*a**2 - a - 1. Let h be m(-1). Let k(b) = -5*b + 3 + 9*b + 0*b - 3*b. What is k(h)?
-3
Let c be (-1 - -1)*(-6 + 5). Let z be c - (2 + (1 - -2)). Let y(d) = -d + 2. Determine y(z).
7
Let c = 17 + -15. Let x(z) = 2*z - 3. Give x(c).
1
Let d be (1 + 2)/(27/(-36)). Let t(l) = -6*l + 3. Let m(n) = -3*n + 1. Let j(f) = 13*m(f) - 6*t(f). Determine j(d).
7
Let t(n) = n**2 - 4*n + 1. Suppose d - 5 + 3 = z, -4*z + 8 = 0. What is t(d)?
1
Let j = -1 - 1. Let i(p) = 4*p**2 - 3 + 0*p**2 + 2. Let o(w) = 3*w**2 + w - 1. Let m(f) = j*i(f) + 3*o(f). What is m(-3)?
-1
Let b(k) = -3*k + 1. Let j(q) = -q - 10. Let x be j(-13). Suppose 0 = -2*n + x*n - 1. Determine b(n).
-2
Let h = -3 - -3. Let z(c) be the first derivative of -5*c + 1/2*c**2 - 1. Give z(h).
-5
Let h(j) = j**3 - j**2 + j + 3. Let b be h(0). Let k(o) = -o - b + 2*o**3 - 2*o - 15*o**2 + 17*o**2. Calculate k(-2).
-5
Let u(z) = -z**3 + z**2 - 1. Let i(v) = -6*v**3 + 4*v**2 - v - 8. Suppose 30 = 5*t + 55. Let b(o) = t*u(o) + i(o). Give b(0).
-3
Suppose -18*h - 32 = -10*h. Let n(r) be the third derivative of r**5/60 + 5*r**4/24 + 2*r**3/3 - r**2. Give n(h).
0
Let c(m) = m**3 - 5*m**2 - 7*m + 2. Let h be c(6). Let l = h + 4. Let b(k) = l*k - k + 2 + 0*k. What is b(3)?
-1
Let n = -122 - -125. Let s(i) be the first derivative of 7*i - 5/3*i**3 - 1/4*i**4 + 4 + n*i**2. What is s(-6)?
7
Let v(k) = k**3 + 2*k - 1. Let u be (-1)/((-1)/(-2)) + 3. Give v(u).
2
Let j(g) = 2 - 8*g + 6*g**2 + 10*g - 4*g**2. Calculate j(-2).
6
Suppose l = -l - 36. Let y(x) = 11*x + 12. Let o(t) = 10*t + 13. Let n(s) = -5*o(s) + 4*y(s). Let f(k) = 21*k + 60. Let z(v) = l*n(v) - 5*f(v). Give z(-4).
-6
Suppose 4*s - 10 = c - 22, 0 = 2*c + 2*s - 14. Let x(y) = -y**3 + 7*y**2 + 8*y + 8. Determine x(c).
8
Suppose 0*f + 6 = 3*f. Let a(z) = 3*z - 1. Give a(f).
5
Let j = 61 + -64. Let a(t) = 4*t + 1. Determine a(j).
-11
Let s(l) = l**2 + 7*l + 8. Suppose -4*g + 2*g - 12 = 0. What is s(g)?
2
Let h(o) be the third derivative of o**6/120 - o**5/20 - o**4/8 + 5*o**3/6 + 3*o**2. What is h(4)?
9
Suppose -5*t + 19 = -2*q, -5*q - t + 17 = -q. Let z(v) = -v**3 + 3*v**2 + v - 3. Give z(q).
0
Let r(y) be the first derivative of y**4/4 - 4*y**3/3 - y**2/2 - 4*y + 6. Calculate r(5).
16
Let u(i) be the second derivative of -i**3/6 - 15*i**2/2 - 44*i. Calculate u(0).
-15
Let y(o) = -o**2 + 9*o + 40. Let k be y(12). Let u(c) = -c**3 + 5*c**2 - 4*c + 6. Give u(k).
6
Let t(u) = 99 + 2*u + 0*u - 198 + 101. Let j be (-78)/(-8) + 3/12. Suppose -3*x - 2 + j = -2*n, -4*x = 5*n + 20. Give t(n).
-6
Let z(y) be the first derivative of y**2/2 + 6*y - 2. Let x be z(-6). Let t(w) = 0*w**3 - 5*w - w**3 + 4*w. What is t(x)?
0
Suppose -3*t = -8*t - 15. Let f(p) = -1 + 4*p + 3*p - 10*p - 2 - 3*p**2 - p**3. Calculate f(t).
6
Let y(s) = -3*s**2 + 1. Let j(q) = -q**2 - q + 5. Let b(a) = -a**2 + 7*a - 9. Let d be b(6). Let w be j(d). Determine y(w).
-2
Let y = -9 - -12. Let t(p) = -6*p + 0 + 3 - 1 + 2*p**2. Let r(f) = f**2 - 3*f + 1. Let n(i) = -7*r(i) + 3*t(i). Determine n(y).
-1
Let j(h) = h**3 - 3*h + 3. Let v(c) = -c**3 + 3*c + 2. Let d be v(0). Determine j(d).
5
Let y(h) be the second derivative of -h**5/120 + h**4/6 + h**3/3 + 2*h. Let s(w) be the second derivative of y(w). Let x = -2 + -3. Give s(x).
9
Let h be 348/203 + (-2)/(-7) + 0. Let t(a) = 5*a - 6. Let z(v) = 14*v - 17. Let p(g) = 8*t(g) - 3*z(g). Give p(h).
-1
Let t(z) = 1 + 5*z + 3*z - 2*z. Let f be 2/(-1) + 4 - (-21)/(-7). What is t(f)?
-5
Let z = -10 - -1. Let d = z - -3. Let y be -1 - d - 4/4. Let f(n) = n + 5. Determine f(y).
9
Let p(l) = -l**2 - 4*l + 6. Suppose -g - 3*g - 24 = 5*k, 3*k + 6 = -g. Determine p(g).
-6
Let h = 113 - 121. Let y(c) = c**2 + 6*c - 10. Determine y(h).
6
Let u(z) be the first derivative of 5*z**2 - 8*z - 1. Let i(g) = 9*g - 8. Let a(x) = 7*i(x) - 6*u(x). Determine a(6).
10
Let x(p) be the third derivative of 4/3*p**3 + 0*p + 6*p**2 - 1/24*p**4 + 0. Calculate x(0).
8
Let z(i) = -4*i - 9. Let d = 4 - 1. Suppose 2*y + 2*y + d*o - 29 = 0, -3*y + 53 = -4*o. Let h(f) = 7*f + 17. Let k(r) = y*z(r) + 6*h(r). Give k(2).
-1
Let a(k) = -k**3 + 7*k**2 - 6. Let h(n) = -n**3 - 19*n**2 - 18*n + 7. Let o be h(-18). Give a(o).
-6
Let f(g) = g - 3. Let n = -5 + 7. Suppose -2*y + i + n = -7, -5*y + 5*i = -25. Calculate f(y).
1
Suppose -p + 3*s = -0*p - 13, -p - 5*s - 19 = 0. Let f(j) = 2*j**3 + 2*j**2 - 1. Give f(p).
3
Let a(h) = -h**2 - 3*h - 1. Let r = -9 - -14. Let x = -7 + r. Let m = 1 + x. Give a(m).
1
Let w(k) = k**2 - 14*k + 5. Let i be w(13). Let j(v) = v**2 + 8*v - 5. Determine j(i).
-5
Let t(b) = 8*b**2 + 3*b + 2 - 18*b**2 + 11*b**2 + 3*b. What is t(-5)?
-3
Suppose -y + 6 = 2*y. Suppose 4*m = -3*t - 29, y*t + 2*t = -3*m - 48. Let c be ((-24)/t)/(4/10). Let n(v) = v**3 - 3*v**2 - 6*v + 6. Calculate n(c).
-2
Suppose -5*l + 3 = -7. Let s(a) = 3*a - 2*a**2 - 1 - 4*a + 3*a**l - 2. Let x(u) = -u**3 - 4*u**2 + 5*u + 3. Let n be x(-5). Give s(n).
3
Let n = 1 + -2. Let g(a) = -a**2 - 2*a + 4. Let c be g(-3). Let v(j) = -3*j - c + 1 + 0*j. What is v(n)?
3
Let y(d) = -13*d - 61. Let q be y(-5). Let s(u) be the third derivative of 0 + 1/6*u**3 - q*u**2 + 1/24*u**4 + 0*u. Give s(-6).
-5
Let i(x) = -2*x - 6 + 3*x + 3*x + x**2 + 0*x**2. What is i(-5)?
-1
Suppose -4*a - 2*l = -12, -a - 3*l + 14 = 3*a. Let i(b) = a - 5*b + 3*b + b**2 + 2*b - 3*b. What is i(2)?
0
Let r be 1 + (0 - (-12)/3). Let g(v) = -r*v**2 + v**2 - 5*v - v + 3*v**2. Determine g(-5).
5
Let q(y) = 2*y**3 - 2*y**2 - 3*y + 2. Let g be q(2). Let t(a) = g*a + 3*a - 4*a - 2*a. What is t(4)?
4
Let q(a) = a + 2. Let g = 4 + -1. Suppose -g*u + 0*b - 32 = -5*b, 0 = 3*b - 12. Let z be q(u). Let p(m) = -m**3 + 2*m + 2. Calculate p(z).
6
Let g(b) = b**3 - b**2 - b + 5. Let t be g(0). Let v be t/2*(-12)/10. Let h(d) be the first derivative of d**2 + 4*d + 1. Give h(v).
-2
Let u(c) = -c**3 + c**2 - c - 1. Let s(v) = v - 1. Let a be s(4). Let x = -3 + a. What is u(x)?
-1
Let q(s) = s**2 + s + 1. Suppose 2*t = y - 12, -y + 2*t = -2*y - 8. Suppose -5*v - 3 = y. Determine q(v).
1
Let b be (-4)/6 + (-55)/(-15). Let p = b + -3. Let t(a) = -a**3 + a. Give t(p).
0
Let s(c) = -4*c**3 - 10*c**2 + 4*c + 6. Let i(z) = -z**3 - z + 2. Let h(r) = 5*i(r) - s(r). Determine h(9).
4
Let h(r) = -r - 2. Let b(a) = 5*a - 107. Let w be b(21). Give h(w).
0
Let x(s) = -3*s**3 - s**2 + s - 1. Let m be 2/6*6 - 1. Determine x(m).
-4
Let k(m) be the third derivative of 1/2*m**3 + 0*m + 1/24*m**4 + 0 - 2*m**2. What is k(-5)?
-2
Let x(m) be the third derivative of -m**6/360 - m**5/30 + m**4/8 - 2*m**2. Let f(p) be the second derivative of x(p). Let n = 2 + -5. Calculate f(n).
2
Suppose 4*a = -6 + 22. Suppose -a*g + k + 3 = 15, -g = -k. Let b(i) = -i**2 - 6*i - 6. What is b(g)?
2
Let q(i) = 2*i**2 - i**2 - i - 3*i - 3*i**2 + 1. Calculate q(-3).
-5
Let u(r) = -r - 3. Let q(c) = c - 3. Let x be q(10). Determine u(x).
-10
Suppose 2*m - 7*m + 5 = 5*k, 5*m + 7 = k. Let b(f) = -2*f**3 + 4*f**2 - 2*f. Give b(k).
-4
Let z(h) = -h**2 + 3*h + 16. Let t be z(6). Let s(o) = o**3 + 3*o**2 - 4*o - 3. What is s(t)?
9
Let s(w) = -w**3 + 4*w**2 - 3*w + 6. Suppose 0 = -i - 2*i - 4*x + 20, -i = -x - 9. Let l be 47/(-4) - 2/8. Let a be 20/6 - i/l. Determine s(a).
-6
Let o(h) be the first derivative of -h**2/2 - 6*h + 25. Calculate o(-5).
-1
Suppose 0 = -3*r - 0 + 6. Let k(y) = 0 - r + 7 + 3 + y. Let b be -4*2 - -2*1. Determine k